ppose -y - l = -34 - 126, -5*y + 795 = 4*l. What is the remainder when y is divided by 39?
38
Suppose 0 = -5*f + u + 58, 0 = -4*u + 3 + 5. Calculate the remainder when (-309)/(-9) + 1/(-3) is divided by f.
10
Suppose 0 = 3*k + 71 + 7. Let p = 9 + k. Let q = -6 - p. What is the remainder when 30 is divided by q?
8
Let f = -8 - -29. Let p(r) = r**2 - r - 2. Let l be p(3). Suppose 5*n + 4*j = 2*n + 103, -4*n = -l*j - 184. Calculate the remainder when n is divided by f.
20
Let v(l) = -l**3 - 3*l**2 + l - 3. Let p(o) = o**3 + 4*o**2 - 5*o - 4. Let q be p(-5). What is the remainder when (2*-1)/((-4)/50) is divided by v(q)?
7
Calculate the remainder when 6/4*(-140)/(-21) is divided by 3.
1
Let m(h) = 17*h**2 - 13. What is the remainder when m(-3) is divided by 13?
10
Suppose -10*s = -14 + 4. Suppose -4*m - 3 = 2*d - 13, -5*d - 3*m + 11 = 0. Let y = 2 - d. Calculate the remainder when s is divided by y.
0
Let h(s) = 4*s**2 - 3*s + 2. Suppose 0 = 3*v + 4*i - 57, 0 = 3*v - 2*i - 19 - 56. What is the remainder when v is divided by h(2)?
11
Suppose -5*c + 13*c - 1496 = 0. Calculate the remainder when c is divided by 21.
19
Let l = -43 + 12. Let w = l - -44. What is the remainder when (21 - -2) + -1 + 2 is divided by w?
11
Let r(l) = -l + 2. Let k(j) = -6*j + 12. Let z(s) = 6*k(s) - 34*r(s). Let x be z(-5). Let w = x + -5. Calculate the remainder when 25 is divided by w.
7
What is the remainder when (-6)/(-36) + 1042/12 is divided by 27?
6
Let i(a) = 24*a**3 + a**2 - 1. Let o be i(1). Suppose v = -v - o. Let s = v + 18. What is the remainder when 16 is divided by s?
4
Suppose 4*q = 2*y - 12, 4*q = y - 3 - 3. Calculate the remainder when 22 is divided by y.
4
Let t = 2 - 0. Let a = 24 - t. Let j = -22 - -30. Calculate the remainder when a is divided by j.
6
Let m(b) = -b + 7. Let l(p) = p**3 - 3*p**2 - 5. What is the remainder when l(4) is divided by m(3)?
3
Let y(w) = w**3 - 12*w**2 - 23*w + 22. Calculate the remainder when y(14) is divided by 16.
12
Let w(b) = -b**2 + 6*b + 4. Let d be 4*((-9)/2)/(-3). Calculate the remainder when 216/21 - 4/14 is divided by w(d).
2
Let l be (-6)/5*(-60)/18. Suppose -4*w + 8 = -24. Suppose -l*c - 164 = -w*c. What is the remainder when c is divided by 14?
13
Suppose 3*p - 136 = -4*b, 0 = -3*p + 3*b - 6*b + 132. Suppose 8*z = 3*z - p. Let m = 22 - z. What is the remainder when m is divided by 16?
14
Suppose 1 = -7*a + 43. Suppose 2*h + 0*h = 44. Calculate the remainder when h is divided by a.
4
What is the remainder when ((-301)/(-14))/(4/8) is divided by 23?
20
Let p(t) = -2*t - 8. Suppose -5 = -0*d - d. Suppose d*q + 12 - 87 = 0. What is the remainder when q is divided by p(-8)?
7
Suppose 0 = 5*x - 149 + 4. Calculate the remainder when x is divided by 10.
9
Let g(r) be the third derivative of 0*r - 1/2*r**4 - 11/6*r**3 - 1/60*r**5 + 0 - 2*r**2. Calculate the remainder when g(-8) is divided by 11.
10
Suppose -p - 3*p - 3*f + 17 = 0, p = -5*f + 17. Suppose 0 = -4*s - t + 12, 0 = p*s + 2*s + 2*t - 8. What is the remainder when 5 is divided by s?
1
Let l(u) = 14*u. Let q be -3 + 5 - (-1 - -1). Suppose -5*s + s = 2*x - 160, 88 = q*s - 3*x. What is the remainder when s is divided by l(1)?
13
Suppose -5*g + 2*n = -2*n - 105, 54 = 2*g - 4*n. What is the remainder when 29 is divided by g?
12
Let k be -4 - -3 - 1*-2. Let u be 0 - (k - (72 + -2)). Suppose -3*d + u = -0*d. Calculate the remainder when d is divided by 13.
10
Let n(q) = -q**3 + 10*q**2 + 11*q + 9. Calculate the remainder when 14 is divided by n(11).
5
Suppose 0 = -x - 4*x. Suppose x = -3*j - j + 76. Calculate the remainder when j is divided by 10.
9
Calculate the remainder when 36 is divided by (-525)/(-28) - (-2)/8.
17
Let i be (3 + (-3 - 1))*-1. Suppose -3*t + 0*b + 51 = -4*b, t = -4*b + i. Suppose 0*h + h = t. What is the remainder when 23 is divided by h?
10
Let q(v) = v**2 - 3*v - 6. Let b(c) = -4 + c**2 + 7 + 4*c + 0*c. What is the remainder when q(7) is divided by b(-5)?
6
Let c = 14 - 12. Let o(q) = -5*q**2 - 2*q + 1. Let k be o(1). What is the remainder when c is divided by (-4)/k + 3/9?
0
Let o(l) = -l**3 + 5*l**2 - 4*l + 4. Let i(f) = -f - 1. Let w be i(-5). Let q be o(w). Suppose -h = -q*h + 36. What is the remainder when 35 is divided by h?
11
Suppose 5*p - 21 = 24. What is the remainder when 8/(-1 + 5) + -5 - -28 is divided by p?
7
What is the remainder when 144 is divided by 11/22 + (-57)/(-2)?
28
Suppose -8*v - 69 = -11*v. What is the remainder when v is divided by 12?
11
Let x be ((-5)/2*-2)/1. Suppose -3*l + 188 = x*b, -2*l + 7*l + 20 = 0. Calculate the remainder when b is divided by 14.
12
Suppose 2*r = -1 + 7. Suppose 21 = r*h + 3*w, 2*w = -w - 9. What is the remainder when h is divided by 5?
0
Let b(a) = 2*a + 19. Calculate the remainder when 20 is divided by b(-6).
6
Suppose 2*j - 21 = -11. What is the remainder when 13 is divided by j?
3
What is the remainder when (15/(-6) - -2)/(8/(-944)) is divided by 15?
14
Suppose -2*d + d + 3 = 0. Let m(i) = 5*i**2 + d + 0*i**3 + i - i**3 - 1. What is the remainder when m(5) is divided by 4?
3
Let d = -73 - -97. Calculate the remainder when 238 is divided by d.
22
Let y(l) = -1. Let f(r) = r**2 + 7*r - 8. Let o(u) = f(u) + 2*y(u). Let j be (-4)/(-14) + 72/(-7). Calculate the remainder when 38 is divided by o(j).
18
Let t = -97 + 139. Suppose t + 18 = 4*p. Suppose -27 - p = -3*b. What is the remainder when 41 is divided by b?
13
Let f be 2/(-2)*(0 - 65). Suppose f = 2*q + 3*q. Suppose -q - 7 = -2*o. Calculate the remainder when 28 is divided by o.
8
Let q = 3 + -1. Let r = 6 - q. Suppose -u - 4*a = r*u - 156, -4*a = u - 44. Calculate the remainder when u is divided by 15.
13
Calculate the remainder when ((-7)/5 - -1)*-95 is divided by 8.
6
Suppose 4*u = -1 - 7. Let g = 3 - -2. Calculate the remainder when 3/2*(-12)/u is divided by g.
4
Let t be (9/(-15))/((-2)/90). Suppose 0 = 4*x + 20, 3*x + t = 2*h - 126. What is the remainder when h is divided by 18?
15
Suppose -5*g - 12 = r - 87, -25 = -5*r. What is the remainder when 55 is divided by g?
13
Let i = 47 + -42. Let z be 1/(-3) + (-14)/(-6). Suppose -i*d + 73 = 4*a, 0 = z*a + a - 6. What is the remainder when 38 is divided by d?
12
Suppose -2*t = t - 5*u - 52, 40 = 3*t + u. Suppose 5*c - 3*v - 125 = 0, -3*v - 18 = -3*c + 57. Calculate the remainder when c is divided by t.
11
Let v(i) be the first derivative of i**2/2 + 5*i + 2. What is the remainder when v(0) is divided by 4?
1
Calculate the remainder when (-630)/(-39) - (-6)/(-39) is divided by 6.
4
Suppose -3*g = -g. Suppose g = -3*k + f + 122, f - 6 = 4*f. Suppose k = 2*o + 2*o. Calculate the remainder when 29 is divided by o.
9
Suppose c = m - 1 - 5, -2*m + 4*c + 22 = 0. Suppose 8*y - 13*y = -3*v - 22, 2*v + 13 = 3*y. Calculate the remainder when y is divided by 1 - m - 0 - -3.
2
Let l(j) = -j**2 + 4*j - 1. Let i be l(1). Calculate the remainder when 2 is divided by ((-2)/6)/(i/(-12)).
0
Suppose -6*h + h - t = -9, 0 = 5*h - 2*t - 12. Suppose -4*a + h*a + 36 = 0. Calculate the remainder when a is divided by 7.
4
Let a(h) = 19*h + 1. Calculate the remainder when 98 is divided by a(1).
18
Let t(m) = 2*m + 4. What is the remainder when t(12) is divided by (-2 - (-24)/2)*1?
8
Let m(f) = -5*f - 6. Let c be m(-6). Suppose -j - 3 = -c. Calculate the remainder when 41 is divided by j.
20
Suppose 2*p + 1 = -5*q, q + 1 = 2*q. Let n(o) = -8*o + 3. What is the remainder when 107 is divided by n(p)?
26
Let j = -20 - -33. What is the remainder when 36 is divided by j?
10
What is the remainder when ((-30)/(-20))/((-3)/(-106)) is divided by 18?
17
Let w(u) = u**3 + 5*u**2 - 6*u - 6. Let f be w(-5). Suppose 5*d - d = f. Let h = 17 - d. What is the remainder when h is divided by 6?
5
Suppose -30*p + 118 + 122 = 0. Let v(m) = -57*m + 1. Let r be v(-2). Suppose 2*x + 3*x - r = 0. Calculate the remainder when x is divided by p.
7
Let k = 331 + -224. Calculate the remainder when k is divided by 22.
19
Suppose 3*v = -3*m + 29 + 13, 0 = 2*v + 4. Let b be (-64)/10*10*-1. Let n = -18 + b. What is the remainder when n is divided by m?
14
Suppose -2*q = -3*n - 0*n - 137, -5*q - 2*n = -352. Calculate the remainder when q is divided by 24.
22
Let z(m) = 4*m**2 + m - 5. Let t be z(-4). Let y = t - 37. Calculate the remainder when 5